03?
463, 7681
List the prime factors of 1209493.
37, 97, 337
List the prime factors of 2399870.
2, 5, 11, 21817
What are the prime factors of 11759214?
2, 3, 19, 61, 89
What are the prime factors of 380739?
3, 126913
What are the prime factors of 1535361?
3, 511787
What are the prime factors of 19918191?
3, 79, 229, 367
What are the prime factors of 115338?
2, 3, 47, 409
List the prime factors of 14807450.
2, 5, 7, 42307
What are the prime factors of 511835?
5, 102367
What are the prime factors of 409688?
2, 83, 617
List the prime factors of 198668.
2, 49667
List the prime factors of 6874591.
31, 211, 1051
List the prime factors of 2885147.
311, 9277
What are the prime factors of 5464929?
3, 61, 29863
List the prime factors of 1659772.
2, 23, 18041
What are the prime factors of 6295626?
2, 3, 397, 881
What are the prime factors of 878139?
3, 97571
What are the prime factors of 291069?
3, 32341
What are the prime factors of 73265?
5, 14653
List the prime factors of 288598.
2, 144299
What are the prime factors of 7386513?
3, 2462171
List the prime factors of 838263.
3, 279421
List the prime factors of 88383.
3, 17, 1733
List the prime factors of 1693722.
2, 3, 282287
What are the prime factors of 361258?
2, 180629
List the prime factors of 579507.
3, 29, 6661
List the prime factors of 1246818.
2, 3, 19, 10937
List the prime factors of 6169460.
2, 5, 11, 29, 967
What are the prime factors of 108374?
2, 7, 7741
List the prime factors of 3713900.
2, 5, 37139
What are the prime factors of 5942361?
3, 29, 167, 409
What are the prime factors of 488210?
2, 5, 48821
List the prime factors of 290792.
2, 163, 223
What are the prime factors of 18239999?
73, 249863
What are the prime factors of 2452050?
2, 3, 5, 5449
List the prime factors of 789798.
2, 3, 139, 947
List the prime factors of 10279562.
2, 37, 53, 2621
What are the prime factors of 2602879?
2602879
What are the prime factors of 116837?
7, 16691
What are the prime factors of 2750712?
2, 3, 114613
What are the prime factors of 894522?
2, 3, 149087
What are the prime factors of 14797954?
2, 431, 17167
What are the prime factors of 194285?
5, 7, 13, 61
What are the prime factors of 741369?
3, 37, 6679
What are the prime factors of 41567661?
3, 101, 5081
What are the prime factors of 3069903?
3, 1023301
List the prime factors of 2735554.
2, 1367777
What are the prime factors of 7742578?
2, 139, 27851
What are the prime factors of 37386188?
2, 7, 83, 16087
What are the prime factors of 79978?
2, 39989
What are the prime factors of 2399728?
2, 23, 6521
What are the prime factors of 1454140?
2, 5, 72707
List the prime factors of 1033124.
2, 17, 15193
What are the prime factors of 83317?
13, 17, 29
List the prime factors of 1649035.
5, 271, 1217
What are the prime factors of 2280305?
5, 456061
List the prime factors of 82066.
2, 37, 1109
What are the prime factors of 8955575?
5, 358223
List the prime factors of 5117778.
2, 3, 59, 61, 79
List the prime factors of 3160794.
2, 3, 7, 13, 827
What are the prime factors of 17343176?
2, 389, 5573
List the prime factors of 2407095.
3, 5, 149, 359
What are the prime factors of 15661948?
2, 3915487
List the prime factors of 1840149.
3, 204461
What are the prime factors of 11828472?
2, 3, 492853
What are the prime factors of 176466?
2, 3, 29411
List the prime factors of 365244.
2, 3, 11, 2767
What are the prime factors of 357032?
2, 13, 3433
List the prime factors of 1587390.
2, 3, 5, 7, 7559
List the prime factors of 3502710.
2, 3, 5, 12973
List the prime factors of 14064426.
2, 3, 781357
What are the prime factors of 1100274?
2, 3, 7, 17, 23, 67
List the prime factors of 120045.
3, 5, 53, 151
List the prime factors of 567357.
3, 7, 27017
List the prime factors of 2866238.
2, 1433119
What are the prime factors of 6366?
2, 3, 1061
List the prime factors of 113583.
3, 37861
List the prime factors of 421127.
7, 60161
What are the prime factors of 2122722?
2, 3, 7, 17, 991
List the prime factors of 19238307.
3, 11, 41, 59, 241
What are the prime factors of 3395113?
307, 11059
What are the prime factors of 1748577?
3, 582859
List the prime factors of 2121342.
2, 3, 353557
List the prime factors of 44180.
2, 5, 47
List the prime factors of 3891369.
3, 1297123
What are the prime factors of 14536062?
2, 3, 807559
List the prime factors of 1486472.
2, 13, 14293
List the prime factors of 416693.
416693
List the prime factors of 651024.
2, 3, 11, 137
What are the prime factors of 1537920?
2, 3, 5, 89
List the prime factors of 3345562.
2, 11, 241, 631
What are the prime factors of 1562213?
71, 22003
What are the prime factors of 2417661?
3, 151, 593
List the prime factors of 1062060.
2, 3, 5, 31, 571
What are the prime factors of 6454?
2, 7, 461
What are the prime factors of 1466118?
2, 3, 47, 1733
What are the prime factors of 2631328?
2, 7, 17, 691
List the prime factors of 1323778.
2, 661889
List the prime factors of 2769650.
2, 5, 13, 4261
What are the prime factors of 13595234?
2, 83, 81899
What are the prime factors of 5860268?
2, 1465067
What are the prime factors of 3114755?
5, 7, 88993
List the prime factors of 3311021.
7, 59, 8017
List the prime factors of 2990435.
5, 7, 43, 1987
What are the prime factors of 11034994?
2, 5517497
What are the prime factors of 304477?
304477
What are the prime factors of 376420?
2, 5, 11, 29, 59
What are the prime factors of 152753?
152753
List the prime factors of 218122.
2, 191, 571
What are the prime factors of 204068?
2, 17, 3001
List the prime factors of 7994128.
2, 499633
List the prime factors of 3370436.
2, 419, 2011
List the prime factors of 27542276.
2, 1483, 4643
What are the prime factors of 73543?
251, 293
List the prime factors of 7077288.
2, 3, 294887
List the prime factors of 250835.
5, 13, 17, 227
List the prime factors of 7210889.
7, 21023
What are the prime factors of 10475839?
11, 952349
What are the prime factors of 7376428?
2, 509, 3623
List the prime factors of 193506.
2, 3, 32251
What are the prime factors of 1117804?
2, 279451
What are the prime factors of 50608?
2, 3163
What are the prime factors of 4242848?
2, 132589
List the prime factors of 7246816.
2, 226463
List the prime factors of 1666169.
89, 97, 193
List the prime factors of 33751.
33751
What are the prime factors of 59971?
59971
List the prime factors of 413094.
2, 3, 11, 569
List the prime factors of 3199264.
2, 17, 5881
What are the prime factors of 3105396?
2, 3, 7, 12323
List the prime factors of 391726.
2, 195863
List the prime factors of 238432.
2, 7451
List the prime factors of 14376821.
271, 53051
What are the prime factors of 979231?
11, 89021
List the prime factors of 624745.
5, 11, 37, 307
List the prime factors of 106327.
13, 8179
List the prime factors of 39872584.
2, 4984073
What are the prime factors of 141486?
2, 3, 23581
What are the prime factors of 9264362?
2, 19, 243799
List the prime factors of 5401144.
2, 7, 43, 2243
What are the prime factors of 990757?
103, 9619
What are the prime factors of 2874887?
17, 169111
List the prime factors of 18368056.
2, 7, 241, 1361
List the prime factors of 484193.
484193
List the prime factors of 708539.
13, 54503
List the prime factors of 10156055.
5, 7, 13, 17, 101
List the prime factors of 88600.
2, 5, 443
What are the prime factors of 169830?
2, 3, 5, 17, 37
List the prime factors of 6949406.
2, 101, 34403
List the prime factors of 16404970.
2, 5, 1640497
What are the prime factors of 477836?
2, 17, 7027
What are the prime factors of 727355?
5, 145471
List the prime factors of 336071.
31, 37, 293
List the prime factors of 4881572.
2, 1220393
List the prime factors of 143570.
2, 5, 7, 293
List the prime factors of 5654051.
13, 434927
What are the prime factors of 1804427?
137, 13171
List the prime factors of 83198.
2, 17, 2447
What are the prime factors of 4219822?
2, 2109911
List the prime factors of 15742777.
2711, 5807
What are the prime factors of 287969?
11, 47, 557
List the prime factors of 4455849.
3, 241, 6163
What are the prime factors of 5992004?
2, 1498001
List the prime factors of 1732207.
89, 19463
What are the prime factors of 849526?
2, 29, 97, 151
What are the prime factors of 412717?
412717
List the prime factors of 3865028.
2, 966257
What are the prime factors of 40